{"id":1427,"date":"2022-05-17T23:18:10","date_gmt":"2022-05-17T23:18:10","guid":{"rendered":"https:\/\/ncai.iisd.org\/events\/conference-des-nations-unies-sur-les-changements-climatiques-2022-ccnucc-cop-27\/"},"modified":"2024-05-06T20:19:17","modified_gmt":"2024-05-06T20:19:17","slug":"conference-des-nations-unies-sur-les-changements-climatiques-2022-ccnucc-cop-27","status":"publish","type":"events","link":"https:\/\/ncai.iisd.org\/fr\/events\/conference-des-nations-unies-sur-les-changements-climatiques-2022-ccnucc-cop-27\/","title":{"rendered":"COP 27 | Renforcer les capacit\u00e9s pour mettre en \u0153uvre des approches fond\u00e9es sur les droits pour les solutions climatiques bas\u00e9es sur la nature"},"content":{"rendered":"","protected":false},"excerpt":{"rendered":"","protected":false},"author":1,"featured_media":0,"comment_status":"open","ping_status":"closed","template":"","meta":{"_acf_changed":false,"footnotes":""},"events_types":[78,52],"events_topic_areas":[62,63,64],"class_list":["post-1427","events","type-events","status-publish","hentry","events_types-communaute-de-pratique","events_types-conference","events_topic_areas-biodiversite","events_topic_areas-genre","events_topic_areas-inclusion-sociale"],"acf":[],"_links":{"self":[{"href":"https:\/\/ncai.iisd.org\/fr\/wp-json\/wp\/v2\/events\/1427","targetHints":{"allow":["GET"]}}],"collection":[{"href":"https:\/\/ncai.iisd.org\/fr\/wp-json\/wp\/v2\/events"}],"about":[{"href":"https:\/\/ncai.iisd.org\/fr\/wp-json\/wp\/v2\/types\/events"}],"author":[{"embeddable":true,"href":"https:\/\/ncai.iisd.org\/fr\/wp-json\/wp\/v2\/users\/1"}],"replies":[{"embeddable":true,"href":"https:\/\/ncai.iisd.org\/fr\/wp-json\/wp\/v2\/comments?post=1427"}],"version-history":[{"count":0,"href":"https:\/\/ncai.iisd.org\/fr\/wp-json\/wp\/v2\/events\/1427\/revisions"}],"wp:attachment":[{"href":"https:\/\/ncai.iisd.org\/fr\/wp-json\/wp\/v2\/media?parent=1427"}],"wp:term":[{"taxonomy":"events_types","embeddable":true,"href":"https:\/\/ncai.iisd.org\/fr\/wp-json\/wp\/v2\/events_types?post=1427"},{"taxonomy":"events_topic_areas","embeddable":true,"href":"https:\/\/ncai.iisd.org\/fr\/wp-json\/wp\/v2\/events_topic_areas?post=1427"}],"curies":[{"name":"wp","href":"https:\/\/api.w.org\/{rel}","templated":true}]}}

COP 27 | Renforcer les capacités pour mettre en œuvre des approches fondées sur les droits pour les solutions climatiques basées sur la nature
